9?
1
-18 + 3 + (47 - 28) + -13 + -1 - -51
41
What is the value of 43 + (-14 - 21) - (-14 - 4)?
26
-2 - (2 - (-2 + 10 + -3)) - (-92 - -127)
-34
What is the value of (-114 - -112) + (-2 - -6 - -20)?
22
Calculate 3 + 11 - (-60 + 18 + -9 + 1).
64
17 - (-33 - (9 - 10 - 18))
31
What is the value of -12 - (14 - (13 + 12 + -14) - 12)?
-3
Evaluate 605 + -576 - ((-6 - -116) + -2).
-79
What is the value of (1 + -4 - -2) + (2 - 28) + 11?
-16
Calculate 5 + (4 - (0 + 4)) + -1 - (6 + 89).
-91
What is the value of 0 + (-23 - 0) + (22 - (24 + -29 - -16))?
-12
Evaluate 0 + (-35 - (-2 - 3) - (38 + -36)).
-32
Evaluate 82 - 57 - (-4 + (-9 - -15)).
23
(-6 - (-73 - (-18 - -14))) + -20
43
Calculate -8 - (55 - (49 + -32)).
-46
Calculate 19 - (44 + -55 + 28 + 5).
-3
Evaluate 29 + -37 - (54 + -49).
-13
What is the value of (-83 - -1) + (249 - 258 - (-18 + -1)) + 3?
-69
Evaluate -11 - -6 - -13 - (38 + -33) - (7 - 3).
-1
-3 + 3 + 51 + (-13 - 50)
-12
What is 6 + (-12 - -3 - (-29 + 11)) + -58?
-43
10 + (4 - (-13 + -17 + 15)) + -12
17
Evaluate -64 - (-56 + 49 - (2 + (0 - 0))).
-55
Evaluate 3 + (-4 - -2 - 4 - (0 + 4) - 24).
-31
Evaluate 21 + -8 - (-4 - -2 - -5 - 4).
14
Calculate (318 - 293) + (0 - 26) - (-35 - (-4 + 2)).
32
-5 + (8 - 12) + 0 + -2 + (-4 - -141)
126
Calculate (4 - 5) + -86 - (-50 + 8 + 32).
-77
Evaluate 18 + -30 + (-4 - -7) + 11 + -74.
-72
What is 56 - ((1 - -3) + -428 + 426)?
54
Calculate (7 - (-9 - -18)) + 16 + -58 - 15.
-59
-9 + (5 - 57) + -1 + -11 + 22
-51
What is the value of 3 + (2 + -9 - (-45 - (-66 - -35))) + 4?
14
153 + 83 + 120 + -316
40
16 + (-102 + 19 - (5 + -16))
-56
(8 - (-5 + 26)) + (-11 - -14 - -1 - -5)
-4
Evaluate 48 - 1 - (1057 + -1036).
26
Calculate -66 + 51 - -27 - 17.
-5
-24 + 17 - (4 + (4 - 27)) - -40
52
Calculate -26 + 44 + 15 + -22 + -1 + -4 + -51.
-45
48 + (34 - (-1 - -70))
13
Calculate 13 + (21 - 33 - (-2 - (6 - 47))).
-38
What is 104 + -39 - (-1 - (-5 + -1 + 9))?
69
What is (24 - 2) + (164 - 186) + -8 + -55?
-63
What is 59 + -58 + -46 + 13?
-32
Calculate 1 + 107 + (20601 - 20631).
78
What is the value of 2 + 17 + -28 + -23?
-32
15 - -3 - 38 - -25 - -81
86
Evaluate 1 + 1 + 10 + (7 - (-3 - 44) - 7).
59
Calculate -431 + 310 + 192 - (6 + (1 - 2)).
66
Evaluate 10 - (-13 + 17 + 8) - (-2 + -4 + 4).
0
Calculate -366 + 404 - (23 - -1).
14
What is the value of (2 - -1) + 126 + (-3032 - -3022)?
119
(100 - 91) + (-5 + (11 - 3) - 12)
0
-112 + (-191 + 34 - -170)
-99
Calculate -9 + 20 - 0 - 1 - -32.
42
What is the value of -5 - (7333 + -7323 + (-23 - (0 - (1 - -1))))?
6
Evaluate 25 + 40 + (38 - (-25 + 228)).
-100
What is the value of (-302 - -456 - 76) + 0 + 23?
101
What is 4 + 30 - (-44 - (-14 - 23))?
41
(-11 + 6 - -10 - 24) + 4 + -3
-18
-3 - 1 - (59 - 53 - (-8 + -1)) - -3
-16
What is -9 + (95 - 2) - (-5 - -4 - (-8 + 2))?
79
Calculate (-9 + 17 - 5) + (-28 + 2 + 1 - 4).
-26
-157 + 163 - (-3 + 1) - (-36 - 0 - -1)
43
(-40 - -24) + 15 + -3 + -4 + (0 - 6)
-14
2 - -35 - -1 - (22 + -18 + (-2 - -13))
23
Calculate 94 - ((60 - 2) + (-81 - -61)).
56
24 + (-6 - (-45 - -22) - 72)
-31
Calculate 48 + (3 - (-7 - -1) - (38 + -30)) + -4.
45
What is the value of 13 + (-24 - 12) + (-3 - ((1 - -10) + -10))?
-27
22 + (-79 - (-128 + 42))
29
-2065 + 1999 - (-1 - 101)
36
Calculate (-15 - -6) + -83 + 72.
-20
Evaluate (1 - -4) + (62 - 62) + (-57 - 0).
-52
Calculate -21 + 5 + -1 + (27 - -53 - 140).
-77
What is 11 + -62 + -39 - -102?
12
What is the value of 1 + -35 + (399 - 386) - -82?
61
Evaluate (-6 + -2 - 4) + (-21 - -45) + -5.
7
19 - (67 + -18) - -35
5
Evaluate 2 - 2 - -14 - 7 - (8 + -1).
0
-8 + (-90 + 1 - (107 - 97)) - 15
-122
-75 + 76 + 31 + -35
-3
Calculate (-11 - 2) + (15 - -4 - (-10 + 31)).
-15
What is the value of -22 - (3 + -2 + -12 + 1) - 3?
-15
What is the value of 2 - (-2 - 21) - (846 + -866) - -7?
52
Calculate (11 - -10 - 13) + (-40 - -24).
-8
What is -7 + (-7 - (9 + 0)) - -100?
77
Evaluate (-17 - (6 - 3) - (7 - 3)) + -4.
-28
(-471 - -432) + (-1 - 1) + -13 + -11
-65
Evaluate (1 + -1 + 9 - (893 - 902)) + 11.
29
What is 5 + (-9 - ((35 - 12) + 18))?
-45
-81 + -47 - (-65 + 54 + -27)
-90
((2 - 18) + 11 - -21) + 15
31
Calculate -1906 + 1937 + -85 + -2.
-56
What is 60 + (-19 - -27 - 15 - -11)?
64
What is the value of 47 + (-22 + -62 - 11)?
-48
Calculate (2855 - 2918) + 30 + 0.
-33
Calculate -330 + 310 + 27 + 3.
10
Calculate -50 + 11 + (-118 - -158) - 6.
-5
Calculate 3 + 4 - (6 + -88) - (9 + -18 + 0).
98
What is 37 + (-8 + -1 - (-6 + 1 + -7))?
40
What is the value of 48 + (-17 - (34 - 9))?
6
-134 + (28 - 20 - 15) + (-2 - -4)
-139
What is the value of -5 + (11 + -1 - (277 + -281)) - 11?
-2
480 - 196 - 389 - (-1 - 0 - 14)
-90
Evaluate (4 + -54 - (-3 - 0)) + (63 - 50).
-34
Calculate -26 + 2 - (20 + (-59 - -71) + -195).
139
What is the value of 7 - (0 - 22) - 47?
-18
Evaluate -35 + -17 + 14 + -20 + -2.
-60
What is the value of (0 - 2) + (20 - 15) + (-61 - -16)?
-42
Calculate 5 - (22 + (14 - (20 - 0))).
-11
Calculate (48 - -1) + (33 - -1) + 863 + -897.
49
What is the value of (-3 - 19) + (-44 - -132 - 70)?
-4
7 + -27 + -28 + 25
-23
Evaluate (3 - (-4 - -77)) + -1384 + 1401.
-53
Evaluate 45 + 3 + -6 + -1 - (-146 - -135).
52
Evaluate (124 - (-59 - -116)) + -11.
56
Evaluate (17457 - 17458) + (0 - 0 - -50) + 1.
50
What is the value of -5 + 2 + -72 - (-57 - -195 - 141)?
-72
64 - ((-13296 - -13306) + (-2 - (-2 - -1)))
55
Evaluate (-1 - (-13 + 11)) + (-2 - 39).
-40
Calculate 25 - (-34 + 20 + 62 + -13).
-10
Evaluate -87 + (187 - 135) - -29.
-6
8 - (-259 + 249 - ((44 - -2) + 3))
67
Evaluate -1 + -20 - (275 + -54 - 139).
-103
(-53 + 26 - (-3 + -2)) + 30
8
Calculate 13 - (-8 - -24) - -19 - 48.
-32
Evaluate -563 + 587 + -18 + 2 - (-1 - -35).
-26
Calculate -3 + -4 - (-146 + 207) - (2 - 18).
-52
Calculate 13 - 177 - ((40 - 15 - 63) + 22).
-148
What is the value of (1 - (-2 + -67) - (-584 + 587)) + -6?
61
What is the value of 32 + (-20 - (-5 - (-6 + 3))) + -36?
-22
What is -28 - 12 - (-77 + 10)?
27
Calculate (-57 - -109) + 11 + -22 + 1.
42
Calculate (3 + -2 - -5 - (13 - 8)) + (39 - 48).
-8
(-79 - -104) + 5 + -21 + -1
8
(88 - (132 + 30)) + 91
17
What is 26 - (49 + 30 - -18 - 6)?
-65
Evaluate -15 + (23 + -29 - 4 - 6).
-31
Evaluate (3 - 4 - 4) + 0 + 30 + -27.
-2
Calculate (113 - (-20 - -85)) + -150.
-102
What is (-188 - -115) + 78 - (-13 - -1)?
17
What is the value of -1 + 2 + (-4 - -1) + -27 + 65?
36
43 + -1 + (-21 + -19 - -37)
39
Evaluate 9 - -5 - -3 - (25 - (-26 + 40)).
6
-22 + (98 + -74 - (21 - -1))
-20
Calculate 7 + (-13 - (-54 - -66)).
-18
Evaluate 150 + -81 - (-4 + (46 - 53 - (-1 - 19))).
60
(-20 - (-18 + -1)) + 14 - (15 + -2) - -1
1
What is 112 + (3 + (5 - 27) + 5 - (-265 + 264))?
99
Calculate -8 + 48 + -24 + -34 - (-72 - -1).
53
(13 - (38 - 21)) + -60 + 22 + -7
-49
What is the value of -194 + (11 - (-244 - -132))?
-71
Evaluate -93 - (42 - (-9 + -11 - (-3 + -40))).
-112
Calculate 21 - (8 - (-17 - -10)) - (-6 - -5).
7
What is 5 + (86 - 65) - 50?
-24
What is 15224 - 15245 - (37 - -2 - 2)?
-58
42 - 9 - -53 - 48
38
Calculate -60 + (-95 - -193) + -109.
-71
Calculate 1 + 2 - 9 - (23 - 87).
58
Evaluate 33 - (-42 + -33 + 86).
22
Evaluate 3 - (-22 + (22 - 49) + 18).
34
6 + 4 + (4 - 13 - 39 - 4)
-42
What is the value of (50 - -24) + (-212 - -27)?
-111
What is (-138 - -141) + 5 + -10 + -3?
-5
What is 16 + 6 + (57 - 40) + 6 + -37?
8
18 + 80 - (55 - 4)
47
What is -8 - -1 - (-1708 + 1646)?
55
Evaluate -2 + 2 + (-34 - -33) + -11 - (-1 + 51).
-62
(-936 - -899) + (9 - (57 + -4))
-81
What is the value of -24 - 14 - (-22 + 28 + 0)?
-44
What is (-17 + -17 + 26 - (-2 + -1)) + -10?
-15
Calculate -17 - ((-2 - -2) + 1 - (-11 - (12 + -20))).
-21
What is the value of -18 + 0 - (7 + (-6 - 10)) - 11?
-20
Evaluate 2 + 0 - (-22 - (-16 - -1)) - (-349 + 315).
43
Calculate -12 + 1 - ((-84 - -112) + -62) - -92.
115
What is (-11 + 9 + 9 - -11 - (3 - -4)) + 53?
64
92 - 92 - ((-7 - (-96 + -2)) + 2 + -5)
-88
Evaluate 1 + -3 + 15 + (3168 - 3142).
39
Calculate (-14 - (-7 + 18)) + 1 + 74.
50
What is the value of (-2 - (3 + 25)) + -4 - -5?
-29
What is the value of -2 - (48 - (81 - 34))?
-3
What is 1 + 1 + (-65 + 15 - -59) + -57?
-46
32 - 0 - (-675 - -744)
-37
What is -147 + 498 + -143 - 121?
87
What is the value of -57 + -48 + 28 + 101?
24
Calculate -79 + (-4 - (17 + -26 + (-2 - -1) + 16)).
-89
13 - (6 + 2 - 4 - (-41 + (-